 33 - 1301?
-1257
In base 5, what is 43333 + 1?
43334
In base 13, what is -238 + 3b?
-1ca
In base 9, what is -11 - 6048?
-6060
In base 10, what is 4 + -123719?
-123715
In base 16, what is 582e - -32?
5860
In base 12, what is 62 + -a63b?
-a599
In base 5, what is 41322 + 3012?
44334
In base 5, what is 1124 - -24212?
30341
In base 7, what is -41 - 21446?
-21520
In base 13, what is -95 + 7bc?
727
In base 7, what is 1 + 1533502?
1533503
In base 9, what is 76 + -330?
-243
In base 4, what is 32 - 23032102?
-23032010
In base 4, what is 12031301 - 12?
12031223
In base 16, what is -14cb0 - 5?
-14cb5
In base 10, what is -1 + -9852?
-9853
In base 2, what is -11110101 + -11011010011?
-11111001000
In base 7, what is -62136 - 14?
-62153
In base 11, what is -14 - 346a5?
-34709
In base 13, what is 26c + 1236?
14a5
In base 14, what is 31c + -3b2?
-94
In base 10, what is 133 - -201?
334
In base 10, what is -48 + 6976?
6928
In base 6, what is -14114233 - 3?
-14114240
In base 9, what is -14762153 + -3?
-14762156
In base 6, what is 240404 - -114?
240522
In base 6, what is 153111 + -2?
153105
In base 8, what is 6 + 42251?
42257
In base 6, what is -51453 + 1324?
-50125
In base 6, what is -451 + 15513?
15022
In base 12, what is 36a0 - 174?
3528
In base 4, what is 3 - -11210121111?
11210121120
In base 16, what is 76 + -4569?
-44f3
In base 5, what is -442442 + 42?
-442400
In base 13, what is -3177 - 13?
-318a
In base 4, what is -1101220 + 2031?
-1033123
In base 13, what is -ba5c - b?
-ba6a
In base 12, what is -37 - b7?
-132
In base 13, what is -74 - 7a?
-121
In base 13, what is -54b - 17?
-565
In base 16, what is -b5c8 + 5?
-b5c3
In base 6, what is 131040 - 32?
131004
In base 9, what is -116805 + 1?
-116804
In base 12, what is -13 - 20386?
-20399
In base 8, what is -16434 + -4?
-16440
In base 10, what is -30234 + 30?
-30204
In base 8, what is -1532 + -677?
-2431
In base 14, what is -acb + -11?
-adc
In base 10, what is -55 + 52069?
52014
In base 14, what is -7a3d0 - 4?
-7a3d4
In base 15, what is -59bb6 + -6?
-59bbc
In base 9, what is 2 + -1863162?
-1863160
In base 8, what is 0 - -226142?
226142
In base 6, what is -311551 + -1?
-311552
In base 8, what is -7 + 3075211?
3075202
In base 4, what is -1010111131 - -10?
-1010111121
In base 14, what is -2 + -4bb2?
-4bb4
In base 9, what is 12110 + 10?
12120
In base 6, what is 45055 + -3204?
41451
In base 16, what is 763 - 19?
74a
In base 5, what is -2 - -42014?
42012
In base 14, what is -130 + -b77?
-ca7
In base 6, what is -13312 + -10?
-13322
In base 3, what is -2011122000 + 12?
-2011121211
In base 11, what is -926689 - -5?
-926684
In base 14, what is 389bd - -1?
389c0
In base 8, what is -67461 - -16?
-67443
In base 8, what is 14 + -17634?
-17620
In base 15, what is 2611 - 5?
260b
In base 11, what is -2155 - 63?
-2208
In base 14, what is 19176 - -5?
1917b
In base 11, what is 33 + 14477?
144aa
In base 5, what is -410002 + -10?
-410012
In base 5, what is -42431141 - 4?
-42431200
In base 12, what is -26 - 7a8?
-812
In base 15, what is 0 + 10e4c?
10e4c
In base 5, what is 12010 + -3143?
3312
In base 12, what is 4a + 68?
b6
In base 6, what is 40 - 415031?
-414551
In base 12, what is -23 - 619?
-640
In base 4, what is -111 + -1210233?
-1211010
In base 3, what is 1 + -1112201200?
-1112201122
In base 15, what is 3 - 15dc?
-15d9
In base 3, what is -210 + -1211102122?
-1211110102
In base 8, what is 12750 + 37?
13007
In base 15, what is 1a6c6d - -1?
1a6c6e
In base 4, what is 22112 - 2030?
20022
In base 14, what is -a7 - -345?
27c
In base 4, what is 102 - 2331222?
-2331120
In base 11, what is -83 + -92?
-165
In base 8, what is 0 + -50740?
-50740
In base 16, what is -cd1 + -32?
-d03
In base 5, what is -334423 + 10?
-334413
In base 6, what is -514 + -125330?
-130244
In base 16, what is 23f - -6?
245
In base 5, what is -4033330 + -4?
-4033334
In base 14, what is 1b7 - 0?
1b7
In base 16, what is 345 - -11?
356
In base 3, what is -122221 + 11?
-122210
In base 15, what is -c5 + -86ed?
-87c3
In base 6, what is 13 - -103451?
103504
In base 9, what is 5 - -11313?
11318
In base 7, what is 3246153 + 1?
3246154
In base 8, what is -25 + -635?
-662
In base 11, what is -5 - 2aa3?
-2aa8
In base 13, what is -756 + 71?
-6b5
In base 2, what is 10 + 1101110110100110?
1101110110101000
In base 15, what is 1188ae + -3?
1188ab
In base 5, what is 11 + -101241?
-101230
In base 10, what is -70405 - -3?
-70402
In base 16, what is -401a18 + 3?
-401a15
In base 16, what is -1 - -e46a?
e469
In base 15, what is 8 + -9e?
-96
In base 16, what is 3 - 174?
-171
In base 13, what is 639a + -52?
6348
In base 9, what is -1730 - -16?
-1713
In base 13, what is 2c + -529?
-4ca
In base 8, what is -1 - 237264?
-237265
In base 4, what is -112223 - -20333?
-31230
In base 9, what is 1421 + 33?
1454
In base 10, what is 1599049 + -1?
1599048
In base 3, what is -1011220112 - 10?
-1011220122
In base 15, what is 11 + 301a?
302b
In base 5, what is 1332401 + 10?
1332411
In base 10, what is -422 - -261?
-161
In base 2, what is 100 - -11010001000110110010?
11010001000110110110
In base 7, what is -5 - 13041050?
-13041055
In base 14, what is 1476c3 - -3?
1476c6
In base 2, what is 110100110 - -10110?
110111100
In base 14, what is 1 + 2bd41?
2bd42
In base 3, what is 0 + -122221112?
-122221112
In base 16, what is 3834f8 + 5?
3834fd
In base 6, what is 33113315 - 0?
33113315
In base 13, what is -5 - -15cc8?
15cc3
In base 5, what is -4042021 - -144?
-4041322
In base 16, what is -8 - 3dfd?
-3e05
In base 5, what is -1 - -1103223?
1103222
In base 5, what is 34 + -141013?
-140424
In base 8, what is -5070 - -15?
-5053
In base 16, what is -d8f + 20?
-d6f
In base 2, what is -11010111011001 + -1011000?
-11011000110001
In base 6, what is 31 + 20531?
21002
In base 6, what is -51445210 + 4?
-51445202
In base 8, what is 3 - 32024?
-32021
In base 4, what is 2301 - 1013?
1222
In base 4, what is -201133010 - 3?
-201133013
In base 15, what is -25cb + 4c?
-257e
In base 2, what is 1011101011 - -1001001101011?
1010101010110
In base 6, what is 140 + 1152?
1332
In base 10, what is 566 - -332?
898
In base 14, what is -49 - 72?
-bb
In base 12, what is 41338 + 3?
4133b
In base 9, what is -15855 + 3?
-15852
In base 10, what is 5 - -56467?
56472
In base 12, what is 2a56 + 3?
2a59
In base 7, what is -26064 + -22?
-26116
In base 6, what is 2 + -2351100?
-2351054
In base 14, what is -2 + 31d98?
31d96
In base 15, what is -57c8 - a?
-57d3
In base 2, what is -111 + 10011111011?
10011110100
In base 16, what is 3142d - -4?
31431
In base 4, what is -101203 + -30003?
-131212
In base 8, what is -21645653 + -5?
-21645660
In base 5, what is 203 - 301344?
-301141
In base 4, what is -2113 + -303130?
-311303
In base 4, what is 1 - 1211110?
-1211103
In base 10, what is -27 - -172?
145
In base 13, what is -3c - 8a2?
-911
In base 15, what is -4d - -7715?
76b7
In base 13, what is 1 - -23502?
23503
In base 5, what is -10031113 + -2?
-10031120
In base 15, what is -5 + 245336?
245331
In base 12, what is 46465 + -17?
4644a
In base 12, what is 74 + -713?
-65b
In base 7, what is -34610 - 16?
-34626
In base 14, what is -8d - 7624?
-76b3
In base 7, what is -114 + -36114?
-36231
In base 5, what is 314341 - 402?
313434
In base 3, what is -110211000 - 20011?
-111001011
In base 8, what is 0 - 106672?
-106672
In base 7, what is 0 - -1654204?
1654204
In base 8, what is -23044 - 1330?
-24374
In base 4, what is -1103 - -2321302?
2320133
In base 16, what is 578a + -3?
5787
In base 9, what is 86 + -180?
-83
In base 3, what is -1021112 + -1102?
-1022221
In base 2, what is -10101000011111 + -100?
-10101000100011
In base 14, what is 68141 - 3?
6813c
In base 15, what is 2bd41 - -1?
2bd42
In base 8, what is -42 - -5535?
5473
In base 4, what is -10 + -12321310?
-12321320
In base 9, what is -48370 - 2?
-48372
In base 13, what is 8c4 + -9a3?
-ac
In base 2, what is -101010 - -101101101110?
101101000100
In base 7, what is -5 - 1254450?
-1254455
In base 10, what is -945750 - 4?
-945754
In base 12, what is 138b1 - -b?
13900
In base 11, what is 19512 + 0?
19512
In base 11, what is -920 + -31?
-951
In base 4, what is -1023023 - 3?
-1023032
In base 15, what is -1 + -35a6?
-35a7
In base 5, what is -3413422 + 3?
-3413414
In base 15, what is 13 + -68e?
-67b
In base 3, what is 10 + -